120?
-63022
In base 6, what is -5340452444 - 20?
-5340452504
In base 16, what is e5a5d + -1?
e5a5c
In base 15, what is -4 - -2ced27?
2ced23
In base 12, what is -1651 + -375?
-1a06
In base 5, what is 1204 - 24110334?
-24104130
In base 8, what is -237323077 - -23?
-237323054
In base 8, what is 36102 + -6162?
27720
In base 13, what is -631115 - -1c?
-6310c6
In base 4, what is -120310203 - -3113?
-120301030
In base 8, what is 32155352 - -1?
32155353
In base 13, what is -4 - 717026?
-71702a
In base 11, what is -9316 + 798a?
-1437
In base 7, what is 1 + 6221200?
6221201
In base 15, what is -2 - -1bb020?
1bb01d
In base 15, what is e8 - ac02a?
-abe32
In base 7, what is 3 - -226341633?
226341636
In base 6, what is 1 - 33242533?
-33242532
In base 9, what is 153760772 + 2?
153760774
In base 13, what is 177 + -c566c?
-c54c5
In base 9, what is 810555 - -21?
810576
In base 14, what is -35b5170 + 5?
-35b5169
In base 15, what is 3964 - 16b?
37e8
In base 8, what is -477 + 110346?
107647
In base 9, what is -22178837 - -12?
-22178825
In base 7, what is 105143 - -260?
105433
In base 16, what is 5 - -88b4167?
88b416c
In base 14, what is -83903d + 3?
-83903a
In base 13, what is -1 + cc2059?
cc2058
In base 11, what is 27a8 + -3112?
-415
In base 6, what is -42304 - -33401?
-4503
In base 10, what is -308 - -3660790?
3660482
In base 16, what is f33416 + 1?
f33417
In base 6, what is 441 - -104401522?
104402403
In base 7, what is -1013 + 235301?
234255
In base 2, what is 11100110110011011101 - -11?
11100110110011100000
In base 7, what is 2 + 226605234?
226605236
In base 10, what is -2924184 + -53?
-2924237
In base 14, what is 52 + -43c51?
-43bdd
In base 2, what is -101110110110 - -111011110011?
1100111101
In base 15, what is -11 + -b0ce94?
-b0cea5
In base 4, what is 3232022 - -223323?
10122011
In base 9, what is -133 - -1173001?
1172757
In base 11, what is -5610 + -26726?
-31236
In base 5, what is -104313344 + -30?
-104313424
In base 9, what is 0 + 135786525?
135786525
In base 4, what is 33 - 2013200331330?
-2013200331231
In base 13, what is 2063 + 114?
2177
In base 7, what is -46 + -1405335?
-1405414
In base 3, what is -200121122100002 - 11?
-200121122100020
In base 6, what is 304445110 + -2?
304445104
In base 11, what is 397 + 55370?
55757
In base 10, what is 6270719 + 0?
6270719
In base 8, what is 64 + 10463704?
10463770
In base 11, what is 12265 - 2685?
a690
In base 3, what is 200 + 201221200022?
201221200222
In base 7, what is -656155511 + 1?
-656155510
In base 12, what is -298 - 99695?
-99971
In base 3, what is -12211201211202102 + -12?
-12211201211202121
In base 5, what is 120 + 21044113?
21044233
In base 11, what is 1560310 - -43?
1560353
In base 9, what is -54885 - 64?
-55060
In base 8, what is -3 - -4255440?
4255435
In base 10, what is -2 - -64375541?
64375539
In base 13, what is 5 + 8c8b153?
8c8b158
In base 3, what is 111212102212 + 11201?
111212121120
In base 11, what is -9 + 16004a?
160041
In base 3, what is -20201000000211 - 10?
-20201000000221
In base 15, what is ab7c44 - 5?
ab7c3e
In base 4, what is 10 - 200231111313?
-200231111303
In base 12, what is 2 + 1a4a36?
1a4a38
In base 13, what is 4 - 1aa2a57b?
-1aa2a577
In base 9, what is 1370684 - 2?
1370682
In base 10, what is -1605 - 1941?
-3546
In base 13, what is 2a90312 - 3?
2a9030c
In base 3, what is -11001000121 + 121021102?
-10102202012
In base 11, what is -3651a62 - -83?
-365198a
In base 8, what is 6676 - 20553?
-11655
In base 15, what is 10 + -4cbc7?
-4cbb7
In base 5, what is 1 + 243003114?
243003120
In base 4, what is 2320112103 - 12?
2320112031
In base 13, what is 3295a6 + -7?
32959c
In base 4, what is -100201132020 - 1232?
-100201133312
In base 16, what is -25b - -4f232?
4efd7
In base 12, what is 10 + 163196b?
163197b
In base 11, what is -4 - 779a787?
-779a790
In base 16, what is 1a1 - -132b?
14cc
In base 15, what is -3 - -296b2a?
296b27
In base 4, what is 21121230 - -2103?
21123333
In base 2, what is -100101010 + 11001010001001001?
11001001100011111
In base 6, what is 4121330 - 45015?
4032311
In base 3, what is 0 + -210100121001?
-210100121001
In base 12, what is 11 - -288376?
288387
In base 15, what is 469a1 - 95?
4690b
In base 2, what is 101001 - -10010100001100?
10010100110101
In base 6, what is 2 - 42043022302?
-42043022300
In base 6, what is -121214210513 + 0?
-121214210513
In base 9, what is 4243 + 82244?
86487
In base 3, what is -1220100102101 - 2202?
-1220100112010
In base 8, what is -675530 + -1363?
-677113
In base 14, what is 2 - 41a1181?
-41a117d
In base 13, what is -2 + a1036?
a1034
In base 8, what is 122 - -2155342?
2155464
In base 10, what is 416 - 17446?
-17030
In base 14, what is -123 - 6d731?
-6d854
In base 12, what is 1918670 - 3?
1918669
In base 13, what is -38501a + 179?
-384b71
In base 11, what is 106288 - -54?
106331
In base 5, what is 3340042000124 + -1?
3340042000123
In base 7, what is -44 - 30260?
-30334
In base 10, what is -14 + -283725?
-283739
In base 12, what is 325 - 13b20b?
-13aaa6
In base 6, what is 2553511 + -45442?
2504025
In base 12, what is 86 - -113587b?
1135945
In base 12, what is -a937b51 - -5?
-a937b48
In base 6, what is -15051345 - -121?
-15051224
In base 7, what is 44643 + 615?
45561
In base 9, what is 5317 + -2450?
2757
In base 9, what is 140510177 + 6?
140510184
In base 3, what is 11221211020222102 + 0?
11221211020222102
In base 14, what is -379262 - -1?
-379261
In base 10, what is 13 - 7783347?
-7783334
In base 4, what is 10322021102 + -10322?
10322010120
In base 13, what is -1b1130 + 10b?
-1b1022
In base 2, what is -1100000111010010110 + 10101011?
-1100000110111101011
In base 5, what is -230 + 10434230023?
10434224243
In base 2, what is 10100100110100000001110101001 + -1?
10100100110100000001110101000
In base 2, what is -11110011100 + 1100010000101?
1000011101001
In base 5, what is -12222014 + -201?
-12222220
In base 5, what is 304241 - 141131?
113110
In base 4, what is 11 + -1310302120232?
-1310302120221
In base 8, what is 10 + 6053461?
6053471
In base 5, what is 14400 - 43031121?
-43011221
In base 3, what is 21022000220 - -11101?
21022012021
In base 9, what is -350 - -74801?
74441
In base 14, what is 756 + a81b?
b173
In base 9, what is -1867 - 5647?
-7625
In base 13, what is 52937 + 2?
52939
In base 13, what is -2b4c + 8558?
5709
In base 8, what is 756510 - 304?
756204
In base 7, what is 4055 - 22065?
-15010
In base 13, what is 5b5b - 97c?
51ac
In base 13, what is 305 - 6322?
-601a
In base 5, what is 13 - 22224421?
-22224403
In base 5, what is 2 - 4134212233?
-4134212231
In base 3, what is -11201002222 + 101122?
-11200201100
In base 10, what is -66 + -7881062?
-7881128
In base 9, what is -648 + 770730?
770071
In base 5, what is 32 + -114341331022?
-114341330440
In base 7, what is -1555345 - 1060?
-1556435
In base 13, what is -4 + -1b19ac?
-1b19b3
In base 15, what is ee04 - -1ee3?
11de7
In base 10, what is -37104 + -1049?
-38153
In base 6, what is 254 - -2112121?
2112415
In base 15, what is 2 - -9cb27?
9cb29
In base 7, what is 21 + -1350450?
-1350426
In base 5, what is 3333240420 - 3?
3333240412
In base 7, what is 46 - 16624411?
-16624332
In base 16, what is 8a - e382?
-e2f8
In base 12, what is -115370 - -37?
-115335
In base 15, what is -3 + -b72cc?
-b72d0
In base 10, what is 77674386 - -4?
77674390
In base 12, what is 673ba + 3b1?
677ab
In base 8, what is 51 - -5734645?
5734716
In base 8, what is 42133 - -1314?
43447
In base 8, what is -462 - -410021?
407337
In base 11, what is -9411177 - 5?
-9411181
In base 5, what is -124311 + -13101?
-142412
In base 3, what is -11 - -1120102210022220?
1120102210022202
In base 10, what is -47 - -7313541?
7313494
In base 5, what is 2102422030 + -3?
2102422022
In base 14, what is 5 + -48566?
-48561
In base 15, what is -7 + a16d2?
a16ca
In base 4, what is -1031013203 + 1032?
-1031012111
In base 7, what is 634 + 35?
1002
In base 4, what is -3 - -33101013210130?
33101013210121
In base 3, what is 2 + 21221222201012111?
21221222201012120
In base 9, what is -82580728 + 5?
-82580723
In base 14, what is 2c - 1170d7?
-1170a9
In base 4, what is 131 + -10110200003?
-10110133212
In base 13, what is 8 + -136880?
-136875
In base 4, what is 202102332133 + -2?
202102332131
In base 10, what is 191 - -854958?
855149
In base 8, wh